{"id":75,"date":"2019-12-26T11:16:29","date_gmt":"2019-12-26T14:16:29","guid":{"rendered":"http:\/\/premiumrs.com.br\/catalogo\/?post_type=product&#038;p=75"},"modified":"2019-12-28T09:12:21","modified_gmt":"2019-12-28T12:12:21","slug":"control-condicionador-300g-leavi","status":"publish","type":"product","link":"http:\/\/premiumrs.com.br\/catalogo\/produto\/control-condicionador-300g-leavi\/","title":{"rendered":"Control Condicionador 300g &#8211; Leavi"},"content":{"rendered":"<p>A Linha Control \u00e9 indicada para cabelos armados e volumosos, com progressiva ou qualquer tipo de qu\u00edmica. Pode ser usada diariamente. proporciona redu\u00e7\u00e3o de volume, menos frizz, desembara\u00e7o, limpeza suave e tratamento. Sua a\u00e7\u00e3o \u00e9 potencializada pelo \u2018Green Coffee\u2019 que melhora o aporte de nutrientes entre os fios. Sua alta a\u00e7\u00e3o antioxidante protege os fios das agress\u00f5es di\u00e1rias. Sem Sal.<\/p>\n<p>Embalagem 300ml<\/p>\n<p>A linha possui tamb\u00e9m Shampoo 300g, M\u00e1scara 300g, Intense 300g, e NO mess 200ml.<\/p>\n","protected":false},"excerpt":{"rendered":"<p>A Linha Control \u00e9 indicada para cabelos armados e volumosos, com progressiva ou qualquer tipo de qu\u00edmica. Pode ser usada diariamente. proporciona redu\u00e7\u00e3o de volume, menos frizz, desembara\u00e7o, limpeza suave e tratamento. Sua a\u00e7\u00e3o \u00e9 potencializada pelo \u2018Green Coffee\u2019 que melhora o aporte de nutrientes entre os fios. Sua alta a\u00e7\u00e3o antioxidante protege os fios [&hellip;]<\/p>\n","protected":false},"featured_media":76,"template":"","meta":[],"product_cat":[37,27,32,45,30],"product_tag":[],"class_list":{"0":"post-75","1":"product","2":"type-product","3":"status-publish","4":"has-post-thumbnail","6":"product_cat-volume","7":"product_cat-leavi","8":"product_cat-revenda","9":"product_cat-revenda-tratamento","10":"product_cat-tratamento","12":"first","13":"instock","14":"shipping-taxable","15":"purchasable","16":"product-type-simple"},"_links":{"self":[{"href":"http:\/\/premiumrs.com.br\/catalogo\/wp-json\/wp\/v2\/product\/75"}],"collection":[{"href":"http:\/\/premiumrs.com.br\/catalogo\/wp-json\/wp\/v2\/product"}],"about":[{"href":"http:\/\/premiumrs.com.br\/catalogo\/wp-json\/wp\/v2\/types\/product"}],"wp:featuredmedia":[{"embeddable":true,"href":"http:\/\/premiumrs.com.br\/catalogo\/wp-json\/wp\/v2\/media\/76"}],"wp:attachment":[{"href":"http:\/\/premiumrs.com.br\/catalogo\/wp-json\/wp\/v2\/media?parent=75"}],"wp:term":[{"taxonomy":"product_cat","embeddable":true,"href":"http:\/\/premiumrs.com.br\/catalogo\/wp-json\/wp\/v2\/product_cat?post=75"},{"taxonomy":"product_tag","embeddable":true,"href":"http:\/\/premiumrs.com.br\/catalogo\/wp-json\/wp\/v2\/product_tag?post=75"}],"curies":[{"name":"wp","href":"https:\/\/api.w.org\/{rel}","templated":true}]}}